{"id":35,"date":"2022-01-26T13:51:33","date_gmt":"2022-01-26T13:51:33","guid":{"rendered":"https:\/\/musiktreff-festival.com\/?page_id=35"},"modified":"2022-05-10T09:11:31","modified_gmt":"2022-05-10T09:11:31","slug":"ueber-uns","status":"publish","type":"page","link":"https:\/\/musiktreff-festival.com\/?page_id=35","title":{"rendered":"\u00dcber Uns"},"content":{"rendered":"\t\t<div data-elementor-type=\"wp-page\" data-elementor-id=\"35\" class=\"elementor elementor-35\">\n\t\t\t\t\t\t<section class=\"elementor-section elementor-top-section elementor-element elementor-element-41b26d1 elementor-section-boxed elementor-section-height-default elementor-section-height-default\" data-id=\"41b26d1\" data-element_type=\"section\" data-e-type=\"section\">\n\t\t\t\t\t\t<div class=\"elementor-container elementor-column-gap-default\">\n\t\t\t\t\t<div class=\"elementor-column elementor-col-100 elementor-top-column elementor-element elementor-element-150e7dc\" data-id=\"150e7dc\" data-element_type=\"column\" data-e-type=\"column\">\n\t\t\t<div class=\"elementor-widget-wrap elementor-element-populated\">\n\t\t\t\t\t\t<div class=\"elementor-element elementor-element-24308a4 animated-fast elementor-invisible elementor-widget elementor-widget-text-editor\" data-id=\"24308a4\" data-element_type=\"widget\" data-e-type=\"widget\" data-settings=\"{&quot;_animation&quot;:&quot;fadeInLeft&quot;,&quot;_animation_delay&quot;:0}\" data-widget_type=\"text-editor.default\">\n\t\t\t\t<div class=\"elementor-widget-container\">\n\t\t\t\t\t\t\t\t\t<p>Der &#8222;MusikTreff&#8220; stellt nicht nur ein kulturelles Highlight in Form eines Festivals dar, nein es ist f\u00fcr kultur- und musikbegeisterte Menschen gleichsam ein Treffpunkt um sich auszutauschen. Das Festival wurde durch den Musiker und Musiklehrer Sven Kehrer ins Leben gerufen.<br \/>Die Grundidee gr\u00fcndet sich auf die F\u00f6rderung von jungen Musikern. Diese bekommen die Chance vor gro\u00dfem Publikum und in Konzertatmosph\u00e4re zu spielen.<\/p><p>Ein weiteres gro\u00dfes Ziel ist die Erhaltung der musikalischen Kultur. So legen wir uns in keinster Weise auf ein bestimmtes Genre fest.<\/p><p>Wichtig ist uns die Vernetzung zwischen Musiker der Region und Kulturschaffenden sowie Kulturliebhaber. Durchgef\u00fchrt wird das Event in der \u00e4ltesten Stadt des Erzgebirges &#8211; L\u00f6\u00dfnitz. In gem\u00fctlicher Atmosph\u00e4re lauscht der Besucher bei gutem Essen den Kl\u00e4ngen der K\u00fcnstler. <br \/>Der Veranstaltungsort hat den Charakter eines Amphitheaters und besticht daher durch perfekte Akkustik und beste Sicht auf die B\u00fchne, egal auf welchem Platz man sich befindet.<\/p><p>Unser Anspruch ist es, jeden der Musik h\u00f6ren und viel wichtiger, erleben m\u00f6chte, eine Plattform zu bieten um dies ausleben zu k\u00f6nnen. Dabei kombinieren wir die &#8222;alten Zeiten&#8220; mit der Moderne.<\/p><p>Daher arbeiten wir mit vielen regionalen K\u00fcnstlern, sowie mit internationalen Musikern und Bands zusammen, um ein Erlebnis welches Sie nie vergessen zu schaffen.<\/p>\t\t\t\t\t\t\t\t<\/div>\n\t\t\t\t<\/div>\n\t\t\t\t\t<\/div>\n\t\t<\/div>\n\t\t\t\t\t<\/div>\n\t\t<\/section>\n\t\t\t\t<section class=\"elementor-section elementor-top-section elementor-element elementor-element-22de5f6 elementor-section-boxed elementor-section-height-default elementor-section-height-default\" data-id=\"22de5f6\" data-element_type=\"section\" data-e-type=\"section\">\n\t\t\t\t\t\t<div class=\"elementor-container elementor-column-gap-default\">\n\t\t\t\t\t<div class=\"elementor-column elementor-col-100 elementor-top-column elementor-element elementor-element-8f92ae9\" data-id=\"8f92ae9\" data-element_type=\"column\" data-e-type=\"column\">\n\t\t\t<div class=\"elementor-widget-wrap elementor-element-populated\">\n\t\t\t\t\t\t<div class=\"elementor-element elementor-element-a104987 elementor-widget elementor-widget-image\" data-id=\"a104987\" data-element_type=\"widget\" data-e-type=\"widget\" data-widget_type=\"image.default\">\n\t\t\t\t<div class=\"elementor-widget-container\">\n\t\t\t\t\t\t\t\t\t\t\t\t\t\t\t<img decoding=\"async\" width=\"150\" height=\"150\" src=\"https:\/\/musiktreff-festival.com\/wp-content\/uploads\/2022\/01\/Kleines-Logo-150x150.png\" class=\"attachment-thumbnail size-thumbnail wp-image-95\" alt=\"\" srcset=\"https:\/\/musiktreff-festival.com\/wp-content\/uploads\/2022\/01\/Kleines-Logo-150x150.png 150w, https:\/\/musiktreff-festival.com\/wp-content\/uploads\/2022\/01\/Kleines-Logo-300x300.png 300w, https:\/\/musiktreff-festival.com\/wp-content\/uploads\/2022\/01\/Kleines-Logo-96x96.png 96w, https:\/\/musiktreff-festival.com\/wp-content\/uploads\/2022\/01\/Kleines-Logo.png 512w\" sizes=\"(max-width: 150px) 100vw, 150px\" \/>\t\t\t\t\t\t\t\t\t\t\t\t\t\t\t<\/div>\n\t\t\t\t<\/div>\n\t\t\t\t\t<\/div>\n\t\t<\/div>\n\t\t\t\t\t<\/div>\n\t\t<\/section>\n\t\t\t\t<\/div>\n\t\t","protected":false},"excerpt":{"rendered":"<p>Der &#8222;MusikTreff&#8220; stellt nicht nur ein kulturelles Highlight in Form eines Festivals dar, nein es ist f\u00fcr kultur- und musikbegeisterte Menschen gleichsam ein Treffpunkt um sich auszutauschen. Das Festival wurde durch den Musiker und Musiklehrer Sven Kehrer ins Leben gerufen. Die Grundidee gr\u00fcndet sich auf die F\u00f6rderung von jungen Musikern. Diese bekommen die Chance vor [&hellip;]<\/p>\n","protected":false},"author":1,"featured_media":0,"parent":0,"menu_order":0,"comment_status":"closed","ping_status":"closed","template":"","meta":{"footnotes":""},"class_list":["post-35","page","type-page","status-publish","hentry"],"yoast_head":"<!-- This site is optimized with the Yoast SEO plugin v27.5 - https:\/\/yoast.com\/product\/yoast-seo-wordpress\/ -->\n<title>\u00dcber Uns - MusikTreff<\/title>\n<meta name=\"description\" content=\"Der \u201eMusikTreff\u201c wurde durch den Musiker und Musiklehrer Sven Kehrer ins Leben gerufen.\" \/>\n<meta name=\"robots\" content=\"index, follow, max-snippet:-1, max-image-preview:large, max-video-preview:-1\" \/>\n<link rel=\"canonical\" href=\"https:\/\/musiktreff-festival.com\/?page_id=35\" \/>\n<meta property=\"og:locale\" content=\"de_DE\" \/>\n<meta property=\"og:type\" content=\"article\" \/>\n<meta property=\"og:title\" content=\"\u00dcber Uns - MusikTreff\" \/>\n<meta property=\"og:description\" content=\"Der \u201eMusikTreff\u201c wurde durch den Musiker und Musiklehrer Sven Kehrer ins Leben gerufen.\" \/>\n<meta property=\"og:url\" content=\"https:\/\/musiktreff-festival.com\/?page_id=35\" \/>\n<meta property=\"og:site_name\" content=\"MusikTreff\" \/>\n<meta property=\"article:modified_time\" content=\"2022-05-10T09:11:31+00:00\" \/>\n<meta property=\"og:image\" content=\"https:\/\/musiktreff-festival.com\/wp-content\/uploads\/2022\/01\/Kleines-Logo-150x150.png\" \/>\n<meta name=\"twitter:card\" content=\"summary_large_image\" \/>\n<meta name=\"twitter:label1\" content=\"Gesch\u00e4tzte Lesezeit\" \/>\n\t<meta name=\"twitter:data1\" content=\"2\u00a0Minuten\" \/>\n<script type=\"application\/ld+json\" class=\"yoast-schema-graph\">{\"@context\":\"https:\\\/\\\/schema.org\",\"@graph\":[{\"@type\":\"WebPage\",\"@id\":\"https:\\\/\\\/musiktreff-festival.com\\\/?page_id=35\",\"url\":\"https:\\\/\\\/musiktreff-festival.com\\\/?page_id=35\",\"name\":\"\u00dcber Uns - MusikTreff\",\"isPartOf\":{\"@id\":\"https:\\\/\\\/musiktreff-festival.com\\\/#website\"},\"primaryImageOfPage\":{\"@id\":\"https:\\\/\\\/musiktreff-festival.com\\\/?page_id=35#primaryimage\"},\"image\":{\"@id\":\"https:\\\/\\\/musiktreff-festival.com\\\/?page_id=35#primaryimage\"},\"thumbnailUrl\":\"https:\\\/\\\/musiktreff-festival.com\\\/wp-content\\\/uploads\\\/2022\\\/01\\\/Kleines-Logo-150x150.png\",\"datePublished\":\"2022-01-26T13:51:33+00:00\",\"dateModified\":\"2022-05-10T09:11:31+00:00\",\"description\":\"Der \u201eMusikTreff\u201c wurde durch den Musiker und Musiklehrer Sven Kehrer ins Leben gerufen.\",\"breadcrumb\":{\"@id\":\"https:\\\/\\\/musiktreff-festival.com\\\/?page_id=35#breadcrumb\"},\"inLanguage\":\"de\",\"potentialAction\":[{\"@type\":\"ReadAction\",\"target\":[\"https:\\\/\\\/musiktreff-festival.com\\\/?page_id=35\"]}]},{\"@type\":\"ImageObject\",\"inLanguage\":\"de\",\"@id\":\"https:\\\/\\\/musiktreff-festival.com\\\/?page_id=35#primaryimage\",\"url\":\"https:\\\/\\\/musiktreff-festival.com\\\/wp-content\\\/uploads\\\/2022\\\/01\\\/Kleines-Logo.png\",\"contentUrl\":\"https:\\\/\\\/musiktreff-festival.com\\\/wp-content\\\/uploads\\\/2022\\\/01\\\/Kleines-Logo.png\",\"width\":512,\"height\":512},{\"@type\":\"BreadcrumbList\",\"@id\":\"https:\\\/\\\/musiktreff-festival.com\\\/?page_id=35#breadcrumb\",\"itemListElement\":[{\"@type\":\"ListItem\",\"position\":1,\"name\":\"Startseite\",\"item\":\"https:\\\/\\\/musiktreff-festival.com\\\/\"},{\"@type\":\"ListItem\",\"position\":2,\"name\":\"\u00dcber Uns\"}]},{\"@type\":\"WebSite\",\"@id\":\"https:\\\/\\\/musiktreff-festival.com\\\/#website\",\"url\":\"https:\\\/\\\/musiktreff-festival.com\\\/\",\"name\":\"MusikTreff\",\"description\":\"Willkommen\",\"potentialAction\":[{\"@type\":\"SearchAction\",\"target\":{\"@type\":\"EntryPoint\",\"urlTemplate\":\"https:\\\/\\\/musiktreff-festival.com\\\/?s={search_term_string}\"},\"query-input\":{\"@type\":\"PropertyValueSpecification\",\"valueRequired\":true,\"valueName\":\"search_term_string\"}}],\"inLanguage\":\"de\"}]}<\/script>\n<!-- \/ Yoast SEO plugin. -->","yoast_head_json":{"title":"\u00dcber Uns - MusikTreff","description":"Der \u201eMusikTreff\u201c wurde durch den Musiker und Musiklehrer Sven Kehrer ins Leben gerufen.","robots":{"index":"index","follow":"follow","max-snippet":"max-snippet:-1","max-image-preview":"max-image-preview:large","max-video-preview":"max-video-preview:-1"},"canonical":"https:\/\/musiktreff-festival.com\/?page_id=35","og_locale":"de_DE","og_type":"article","og_title":"\u00dcber Uns - MusikTreff","og_description":"Der \u201eMusikTreff\u201c wurde durch den Musiker und Musiklehrer Sven Kehrer ins Leben gerufen.","og_url":"https:\/\/musiktreff-festival.com\/?page_id=35","og_site_name":"MusikTreff","article_modified_time":"2022-05-10T09:11:31+00:00","og_image":[{"url":"https:\/\/musiktreff-festival.com\/wp-content\/uploads\/2022\/01\/Kleines-Logo-150x150.png","type":"","width":"","height":""}],"twitter_card":"summary_large_image","twitter_misc":{"Gesch\u00e4tzte Lesezeit":"2\u00a0Minuten"},"schema":{"@context":"https:\/\/schema.org","@graph":[{"@type":"WebPage","@id":"https:\/\/musiktreff-festival.com\/?page_id=35","url":"https:\/\/musiktreff-festival.com\/?page_id=35","name":"\u00dcber Uns - MusikTreff","isPartOf":{"@id":"https:\/\/musiktreff-festival.com\/#website"},"primaryImageOfPage":{"@id":"https:\/\/musiktreff-festival.com\/?page_id=35#primaryimage"},"image":{"@id":"https:\/\/musiktreff-festival.com\/?page_id=35#primaryimage"},"thumbnailUrl":"https:\/\/musiktreff-festival.com\/wp-content\/uploads\/2022\/01\/Kleines-Logo-150x150.png","datePublished":"2022-01-26T13:51:33+00:00","dateModified":"2022-05-10T09:11:31+00:00","description":"Der \u201eMusikTreff\u201c wurde durch den Musiker und Musiklehrer Sven Kehrer ins Leben gerufen.","breadcrumb":{"@id":"https:\/\/musiktreff-festival.com\/?page_id=35#breadcrumb"},"inLanguage":"de","potentialAction":[{"@type":"ReadAction","target":["https:\/\/musiktreff-festival.com\/?page_id=35"]}]},{"@type":"ImageObject","inLanguage":"de","@id":"https:\/\/musiktreff-festival.com\/?page_id=35#primaryimage","url":"https:\/\/musiktreff-festival.com\/wp-content\/uploads\/2022\/01\/Kleines-Logo.png","contentUrl":"https:\/\/musiktreff-festival.com\/wp-content\/uploads\/2022\/01\/Kleines-Logo.png","width":512,"height":512},{"@type":"BreadcrumbList","@id":"https:\/\/musiktreff-festival.com\/?page_id=35#breadcrumb","itemListElement":[{"@type":"ListItem","position":1,"name":"Startseite","item":"https:\/\/musiktreff-festival.com\/"},{"@type":"ListItem","position":2,"name":"\u00dcber Uns"}]},{"@type":"WebSite","@id":"https:\/\/musiktreff-festival.com\/#website","url":"https:\/\/musiktreff-festival.com\/","name":"MusikTreff","description":"Willkommen","potentialAction":[{"@type":"SearchAction","target":{"@type":"EntryPoint","urlTemplate":"https:\/\/musiktreff-festival.com\/?s={search_term_string}"},"query-input":{"@type":"PropertyValueSpecification","valueRequired":true,"valueName":"search_term_string"}}],"inLanguage":"de"}]}},"_links":{"self":[{"href":"https:\/\/musiktreff-festival.com\/index.php?rest_route=\/wp\/v2\/pages\/35","targetHints":{"allow":["GET"]}}],"collection":[{"href":"https:\/\/musiktreff-festival.com\/index.php?rest_route=\/wp\/v2\/pages"}],"about":[{"href":"https:\/\/musiktreff-festival.com\/index.php?rest_route=\/wp\/v2\/types\/page"}],"author":[{"embeddable":true,"href":"https:\/\/musiktreff-festival.com\/index.php?rest_route=\/wp\/v2\/users\/1"}],"replies":[{"embeddable":true,"href":"https:\/\/musiktreff-festival.com\/index.php?rest_route=%2Fwp%2Fv2%2Fcomments&post=35"}],"version-history":[{"count":51,"href":"https:\/\/musiktreff-festival.com\/index.php?rest_route=\/wp\/v2\/pages\/35\/revisions"}],"predecessor-version":[{"id":339,"href":"https:\/\/musiktreff-festival.com\/index.php?rest_route=\/wp\/v2\/pages\/35\/revisions\/339"}],"wp:attachment":[{"href":"https:\/\/musiktreff-festival.com\/index.php?rest_route=%2Fwp%2Fv2%2Fmedia&parent=35"}],"curies":[{"name":"wp","href":"https:\/\/api.w.org\/{rel}","templated":true}]}}

Über Uns

<div data-elementor-type="wp-page" data-elementor-id="35" class="elementor elementor-35">
						<section class="elementor-section elementor-top-section elementor-element elementor-element-41b26d1 elementor-section-boxed elementor-section-height-default elementor-section-height-default" data-id="41b26d1" data-element_type="section" data-e-type="section">
						<div class="elementor-container elementor-column-gap-default">
					<div class="elementor-column elementor-col-100 elementor-top-column elementor-element elementor-element-150e7dc" data-id="150e7dc" data-element_type="column" data-e-type="column">
			<div class="elementor-widget-wrap elementor-element-populated">
						<div class="elementor-element elementor-element-24308a4 animated-fast elementor-invisible elementor-widget elementor-widget-text-editor" data-id="24308a4" data-element_type="widget" data-e-type="widget" data-settings="{&quot;_animation&quot;:&quot;fadeInLeft&quot;,&quot;_animation_delay&quot;:0}" data-widget_type="text-editor.default">
				<div class="elementor-widget-container">
									<p>Der &#8222;MusikTreff&#8220; stellt nicht nur ein kulturelles Highlight in Form eines Festivals dar, nein es ist für kultur- und musikbegeisterte Menschen gleichsam ein Treffpunkt um sich auszutauschen. Das Festival wurde durch den Musiker und Musiklehrer Sven Kehrer ins Leben gerufen.<br />Die Grundidee gründet sich auf die Förderung von jungen Musikern. Diese bekommen die Chance vor großem Publikum und in Konzertatmosphäre zu spielen.</p><p>Ein weiteres großes Ziel ist die Erhaltung der musikalischen Kultur. So legen wir uns in keinster Weise auf ein bestimmtes Genre fest.</p><p>Wichtig ist uns die Vernetzung zwischen Musiker der Region und Kulturschaffenden sowie Kulturliebhaber. Durchgeführt wird das Event in der ältesten Stadt des Erzgebirges &#8211; Lößnitz. In gemütlicher Atmosphäre lauscht der Besucher bei gutem Essen den Klängen der Künstler. <br />Der Veranstaltungsort hat den Charakter eines Amphitheaters und besticht daher durch perfekte Akkustik und beste Sicht auf die Bühne, egal auf welchem Platz man sich befindet.</p><p>Unser Anspruch ist es, jeden der Musik hören und viel wichtiger, erleben möchte, eine Plattform zu bieten um dies ausleben zu können. Dabei kombinieren wir die &#8222;alten Zeiten&#8220; mit der Moderne.</p><p>Daher arbeiten wir mit vielen regionalen Künstlern, sowie mit internationalen Musikern und Bands zusammen, um ein Erlebnis welches Sie nie vergessen zu schaffen.</p>								</div>
				</div>
					</div>
		</div>
					</div>
		</section>
				<section class="elementor-section elementor-top-section elementor-element elementor-element-22de5f6 elementor-section-boxed elementor-section-height-default elementor-section-height-default" data-id="22de5f6" data-element_type="section" data-e-type="section">
						<div class="elementor-container elementor-column-gap-default">
					<div class="elementor-column elementor-col-100 elementor-top-column elementor-element elementor-element-8f92ae9" data-id="8f92ae9" data-element_type="column" data-e-type="column">
			<div class="elementor-widget-wrap elementor-element-populated">
						<div class="elementor-element elementor-element-a104987 elementor-widget elementor-widget-image" data-id="a104987" data-element_type="widget" data-e-type="widget" data-widget_type="image.default">
				<div class="elementor-widget-container">
															<img decoding="async" width="150" height="150" src="https://musiktreff-festival.com/wp-content/uploads/2022/01/Kleines-Logo-150x150.png" class="attachment-thumbnail size-thumbnail wp-image-95" alt="" srcset="https://musiktreff-festival.com/wp-content/uploads/2022/01/Kleines-Logo-150x150.png 150w, https://musiktreff-festival.com/wp-content/uploads/2022/01/Kleines-Logo-300x300.png 300w, https://musiktreff-festival.com/wp-content/uploads/2022/01/Kleines-Logo-96x96.png 96w, https://musiktreff-festival.com/wp-content/uploads/2022/01/Kleines-Logo.png 512w" sizes="(max-width: 150px) 100vw, 150px" />															</div>
				</div>
					</div>
		</div>
					</div>
		</section>
				</div>

<p>Der &#8222;MusikTreff&#8220; stellt nicht nur ein kulturelles Highlight in Form eines Festivals dar, nein es ist für kultur- und musikbegeisterte Menschen gleichsam ein Treffpunkt um sich auszutauschen. Das Festival wurde durch den Musiker und Musiklehrer Sven Kehrer ins Leben gerufen. Die Grundidee gründet sich auf die Förderung von jungen Musikern. Diese bekommen die Chance vor [&hellip;]</p>

<!-- This site is optimized with the Yoast SEO plugin v27.5 - https://yoast.com/product/yoast-seo-wordpress/ -->
<title>Über Uns - MusikTreff</title>
<meta name="description" content="Der „MusikTreff“ wurde durch den Musiker und Musiklehrer Sven Kehrer ins Leben gerufen." />
<meta name="robots" content="index, follow, max-snippet:-1, max-image-preview:large, max-video-preview:-1" />
<link rel="canonical" href="https://musiktreff-festival.com/?page_id=35" />
<meta property="og:locale" content="de_DE" />
<meta property="og:type" content="article" />
<meta property="og:title" content="Über Uns - MusikTreff" />
<meta property="og:description" content="Der „MusikTreff“ wurde durch den Musiker und Musiklehrer Sven Kehrer ins Leben gerufen." />
<meta property="og:url" content="https://musiktreff-festival.com/?page_id=35" />
<meta property="og:site_name" content="MusikTreff" />
<meta property="article:modified_time" content="2022-05-10T09:11:31+00:00" />
<meta property="og:image" content="https://musiktreff-festival.com/wp-content/uploads/2022/01/Kleines-Logo-150x150.png" />
<meta name="twitter:card" content="summary_large_image" />
<meta name="twitter:label1" content="Geschätzte Lesezeit" />
	<meta name="twitter:data1" content="2 Minuten" />
<script type="application/ld+json" class="yoast-schema-graph">{"@context":"https:\/\/schema.org","@graph":[{"@type":"WebPage","@id":"https:\/\/musiktreff-festival.com\/?page_id=35","url":"https:\/\/musiktreff-festival.com\/?page_id=35","name":"Über Uns - MusikTreff","isPartOf":{"@id":"https:\/\/musiktreff-festival.com\/#website"},"primaryImageOfPage":{"@id":"https:\/\/musiktreff-festival.com\/?page_id=35#primaryimage"},"image":{"@id":"https:\/\/musiktreff-festival.com\/?page_id=35#primaryimage"},"thumbnailUrl":"https:\/\/musiktreff-festival.com\/wp-content\/uploads\/2022\/01\/Kleines-Logo-150x150.png","datePublished":"2022-01-26T13:51:33+00:00","dateModified":"2022-05-10T09:11:31+00:00","description":"Der „MusikTreff“ wurde durch den Musiker und Musiklehrer Sven Kehrer ins Leben gerufen.","breadcrumb":{"@id":"https:\/\/musiktreff-festival.com\/?page_id=35#breadcrumb"},"inLanguage":"de","potentialAction":[{"@type":"ReadAction","target":["https:\/\/musiktreff-festival.com\/?page_id=35"]}]},{"@type":"ImageObject","inLanguage":"de","@id":"https:\/\/musiktreff-festival.com\/?page_id=35#primaryimage","url":"https:\/\/musiktreff-festival.com\/wp-content\/uploads\/2022\/01\/Kleines-Logo.png","contentUrl":"https:\/\/musiktreff-festival.com\/wp-content\/uploads\/2022\/01\/Kleines-Logo.png","width":512,"height":512},{"@type":"BreadcrumbList","@id":"https:\/\/musiktreff-festival.com\/?page_id=35#breadcrumb","itemListElement":[{"@type":"ListItem","position":1,"name":"Startseite","item":"https:\/\/musiktreff-festival.com\/"},{"@type":"ListItem","position":2,"name":"Über Uns"}]},{"@type":"WebSite","@id":"https:\/\/musiktreff-festival.com\/#website","url":"https:\/\/musiktreff-festival.com\/","name":"MusikTreff","description":"Willkommen","potentialAction":[{"@type":"SearchAction","target":{"@type":"EntryPoint","urlTemplate":"https:\/\/musiktreff-festival.com\/?s={search_term_string}"},"query-input":{"@type":"PropertyValueSpecification","valueRequired":true,"valueName":"search_term_string"}}],"inLanguage":"de"}]}</script>
<!-- / Yoast SEO plugin. -->

Über Uns - MusikTreff
