{"id":534,"date":"2022-09-14T11:55:53","date_gmt":"2022-09-14T11:55:53","guid":{"rendered":"https:\/\/musiktreff-festival.com\/?page_id=534"},"modified":"2023-09-13T08:09:49","modified_gmt":"2023-09-13T08:09:49","slug":"programm-2022","status":"publish","type":"page","link":"https:\/\/musiktreff-festival.com\/?page_id=534","title":{"rendered":"Programm 2024"},"content":{"rendered":"\t\t<div data-elementor-type=\"wp-page\" data-elementor-id=\"534\" class=\"elementor elementor-534\">\n\t\t\t\t\t\t<section class=\"elementor-section elementor-top-section elementor-element elementor-element-a456da9 elementor-section-boxed elementor-section-height-default elementor-section-height-default\" data-id=\"a456da9\" data-element_type=\"section\" data-e-type=\"section\">\n\t\t\t\t\t\t<div class=\"elementor-container elementor-column-gap-default\">\n\t\t\t\t\t<div class=\"elementor-column elementor-col-100 elementor-top-column elementor-element elementor-element-5bb2c39\" data-id=\"5bb2c39\" data-element_type=\"column\" data-e-type=\"column\">\n\t\t\t<div class=\"elementor-widget-wrap elementor-element-populated\">\n\t\t\t\t\t\t<div class=\"elementor-element elementor-element-d674897 elementor-widget elementor-widget-toggle\" data-id=\"d674897\" data-element_type=\"widget\" data-e-type=\"widget\" data-widget_type=\"toggle.default\">\n\t\t\t\t<div class=\"elementor-widget-container\">\n\t\t\t\t\t\t\t<div class=\"elementor-toggle\">\n\t\t\t\t\t\t\t<div class=\"elementor-toggle-item\">\n\t\t\t\t\t<div id=\"elementor-tab-title-2241\" class=\"elementor-tab-title\" data-tab=\"1\" role=\"button\" aria-controls=\"elementor-tab-content-2241\" aria-expanded=\"false\">\n\t\t\t\t\t\t\t\t\t\t\t\t<span class=\"elementor-toggle-icon elementor-toggle-icon-left\" aria-hidden=\"true\">\n\t\t\t\t\t\t\t\t\t\t\t\t\t\t\t<span class=\"elementor-toggle-icon-closed\"><i class=\"fas fa-caret-right\"><\/i><\/span>\n\t\t\t\t\t\t\t\t<span class=\"elementor-toggle-icon-opened\"><i class=\"elementor-toggle-icon-opened fas fa-caret-up\"><\/i><\/span>\n\t\t\t\t\t\t\t\t\t\t\t\t\t<\/span>\n\t\t\t\t\t\t\t\t\t\t\t\t<a class=\"elementor-toggle-title\" tabindex=\"0\">17:30 Uhr - Einlass<\/a>\n\t\t\t\t\t<\/div>\n\n\t\t\t\t\t<div id=\"elementor-tab-content-2241\" class=\"elementor-tab-content elementor-clearfix\" data-tab=\"1\" role=\"region\" aria-labelledby=\"elementor-tab-title-2241\"><p>Seien Sie herzlich willkommen im L\u00f6\u00dfnitzer Muhme Campus. Unsere T\u00fcren gehen f\u00fcr Sie um 17:30 Uhr auf.<\/p><\/div>\n\t\t\t\t<\/div>\n\t\t\t\t\t\t\t<div class=\"elementor-toggle-item\">\n\t\t\t\t\t<div id=\"elementor-tab-title-2242\" class=\"elementor-tab-title\" data-tab=\"2\" role=\"button\" aria-controls=\"elementor-tab-content-2242\" aria-expanded=\"false\">\n\t\t\t\t\t\t\t\t\t\t\t\t<span class=\"elementor-toggle-icon elementor-toggle-icon-left\" aria-hidden=\"true\">\n\t\t\t\t\t\t\t\t\t\t\t\t\t\t\t<span class=\"elementor-toggle-icon-closed\"><i class=\"fas fa-caret-right\"><\/i><\/span>\n\t\t\t\t\t\t\t\t<span class=\"elementor-toggle-icon-opened\"><i class=\"elementor-toggle-icon-opened fas fa-caret-up\"><\/i><\/span>\n\t\t\t\t\t\t\t\t\t\t\t\t\t<\/span>\n\t\t\t\t\t\t\t\t\t\t\t\t<a class=\"elementor-toggle-title\" tabindex=\"0\">18:30 Uhr - Er\u00f6ffnung<\/a>\n\t\t\t\t\t<\/div>\n\n\t\t\t\t\t<div id=\"elementor-tab-content-2242\" class=\"elementor-tab-content elementor-clearfix\" data-tab=\"2\" role=\"region\" aria-labelledby=\"elementor-tab-title-2242\"><p><span dir=\"ltr\" role=\"presentation\">Wir begr\u00fc\u00dfen unseren B\u00fcrgermeister Herrn Alexander Troll <\/span><span dir=\"ltr\" role=\"presentation\">der den MusikTreff 2023 er\u00f6ffnen wird. <br \/><\/span><\/p><\/div>\n\t\t\t\t<\/div>\n\t\t\t\t\t\t\t<div class=\"elementor-toggle-item\">\n\t\t\t\t\t<div id=\"elementor-tab-title-2243\" class=\"elementor-tab-title\" data-tab=\"3\" role=\"button\" aria-controls=\"elementor-tab-content-2243\" aria-expanded=\"false\">\n\t\t\t\t\t\t\t\t\t\t\t\t<span class=\"elementor-toggle-icon elementor-toggle-icon-left\" aria-hidden=\"true\">\n\t\t\t\t\t\t\t\t\t\t\t\t\t\t\t<span class=\"elementor-toggle-icon-closed\"><i class=\"fas fa-caret-right\"><\/i><\/span>\n\t\t\t\t\t\t\t\t<span class=\"elementor-toggle-icon-opened\"><i class=\"elementor-toggle-icon-opened fas fa-caret-up\"><\/i><\/span>\n\t\t\t\t\t\t\t\t\t\t\t\t\t<\/span>\n\t\t\t\t\t\t\t\t\t\t\t\t<a class=\"elementor-toggle-title\" tabindex=\"0\">Wird derzeit \u00fcberarbeitet<\/a>\n\t\t\t\t\t<\/div>\n\n\t\t\t\t\t<div id=\"elementor-tab-content-2243\" class=\"elementor-tab-content elementor-clearfix\" data-tab=\"3\" role=\"region\" aria-labelledby=\"elementor-tab-title-2243\"><p><span dir=\"ltr\" role=\"presentation\">N\u00e4here Infos folgen<\/span><\/p><\/div>\n\t\t\t\t<\/div>\n\t\t\t\t\t\t\t<div class=\"elementor-toggle-item\">\n\t\t\t\t\t<div id=\"elementor-tab-title-2244\" class=\"elementor-tab-title\" data-tab=\"4\" role=\"button\" aria-controls=\"elementor-tab-content-2244\" aria-expanded=\"false\">\n\t\t\t\t\t\t\t\t\t\t\t\t<span class=\"elementor-toggle-icon elementor-toggle-icon-left\" aria-hidden=\"true\">\n\t\t\t\t\t\t\t\t\t\t\t\t\t\t\t<span class=\"elementor-toggle-icon-closed\"><i class=\"fas fa-caret-right\"><\/i><\/span>\n\t\t\t\t\t\t\t\t<span class=\"elementor-toggle-icon-opened\"><i class=\"elementor-toggle-icon-opened fas fa-caret-up\"><\/i><\/span>\n\t\t\t\t\t\t\t\t\t\t\t\t\t<\/span>\n\t\t\t\t\t\t\t\t\t\t\t\t<a class=\"elementor-toggle-title\" tabindex=\"0\">Wird derzeit \u00fcberarbeitet<\/a>\n\t\t\t\t\t<\/div>\n\n\t\t\t\t\t<div id=\"elementor-tab-content-2244\" class=\"elementor-tab-content elementor-clearfix\" data-tab=\"4\" role=\"region\" aria-labelledby=\"elementor-tab-title-2244\"><p><span dir=\"ltr\" role=\"presentation\">N\u00e4here Infos folgen<\/span><\/p><\/div>\n\t\t\t\t<\/div>\n\t\t\t\t\t\t\t<div class=\"elementor-toggle-item\">\n\t\t\t\t\t<div id=\"elementor-tab-title-2245\" class=\"elementor-tab-title\" data-tab=\"5\" role=\"button\" aria-controls=\"elementor-tab-content-2245\" aria-expanded=\"false\">\n\t\t\t\t\t\t\t\t\t\t\t\t<span class=\"elementor-toggle-icon elementor-toggle-icon-left\" aria-hidden=\"true\">\n\t\t\t\t\t\t\t\t\t\t\t\t\t\t\t<span class=\"elementor-toggle-icon-closed\"><i class=\"fas fa-caret-right\"><\/i><\/span>\n\t\t\t\t\t\t\t\t<span class=\"elementor-toggle-icon-opened\"><i class=\"elementor-toggle-icon-opened fas fa-caret-up\"><\/i><\/span>\n\t\t\t\t\t\t\t\t\t\t\t\t\t<\/span>\n\t\t\t\t\t\t\t\t\t\t\t\t<a class=\"elementor-toggle-title\" tabindex=\"0\">Wird derzeit \u00fcberarbeitet<\/a>\n\t\t\t\t\t<\/div>\n\n\t\t\t\t\t<div id=\"elementor-tab-content-2245\" class=\"elementor-tab-content elementor-clearfix\" data-tab=\"5\" role=\"region\" aria-labelledby=\"elementor-tab-title-2245\"><p><span dir=\"ltr\" role=\"presentation\">N\u00e4here Infos folgen<\/span><\/p><\/div>\n\t\t\t\t<\/div>\n\t\t\t\t\t\t\t<div class=\"elementor-toggle-item\">\n\t\t\t\t\t<div id=\"elementor-tab-title-2246\" class=\"elementor-tab-title\" data-tab=\"6\" role=\"button\" aria-controls=\"elementor-tab-content-2246\" aria-expanded=\"false\">\n\t\t\t\t\t\t\t\t\t\t\t\t<span class=\"elementor-toggle-icon elementor-toggle-icon-left\" aria-hidden=\"true\">\n\t\t\t\t\t\t\t\t\t\t\t\t\t\t\t<span class=\"elementor-toggle-icon-closed\"><i class=\"fas fa-caret-right\"><\/i><\/span>\n\t\t\t\t\t\t\t\t<span class=\"elementor-toggle-icon-opened\"><i class=\"elementor-toggle-icon-opened fas fa-caret-up\"><\/i><\/span>\n\t\t\t\t\t\t\t\t\t\t\t\t\t<\/span>\n\t\t\t\t\t\t\t\t\t\t\t\t<a class=\"elementor-toggle-title\" tabindex=\"0\">Wird derzeit \u00fcberarbeitet<\/a>\n\t\t\t\t\t<\/div>\n\n\t\t\t\t\t<div id=\"elementor-tab-content-2246\" class=\"elementor-tab-content elementor-clearfix\" data-tab=\"6\" role=\"region\" aria-labelledby=\"elementor-tab-title-2246\"><p><span dir=\"ltr\" role=\"presentation\">N\u00e4here Infos folgen<br \/><\/span><\/p><\/div>\n\t\t\t\t<\/div>\n\t\t\t\t\t\t\t\t<\/div>\n\t\t\t\t\t\t<\/div>\n\t\t\t\t<\/div>\n\t\t\t\t\t<\/div>\n\t\t<\/div>\n\t\t\t\t\t<\/div>\n\t\t<\/section>\n\t\t\t\t<\/div>\n\t\t","protected":false},"excerpt":{"rendered":"<p>17:30 Uhr &#8211; Einlass Seien Sie herzlich willkommen im L\u00f6\u00dfnitzer Muhme Campus. Unsere T\u00fcren gehen f\u00fcr Sie um 17:30 Uhr auf. 18:30 Uhr &#8211; Er\u00f6ffnung Wir begr\u00fc\u00dfen unseren B\u00fcrgermeister Herrn Alexander Troll der den MusikTreff 2023 er\u00f6ffnen wird. Wird derzeit \u00fcberarbeitet N\u00e4here Infos folgen Wird derzeit \u00fcberarbeitet N\u00e4here Infos folgen Wird derzeit \u00fcberarbeitet N\u00e4here Infos [&hellip;]<\/p>\n","protected":false},"author":1,"featured_media":0,"parent":0,"menu_order":0,"comment_status":"closed","ping_status":"closed","template":"","meta":{"footnotes":""},"class_list":["post-534","page","type-page","status-publish","hentry"],"yoast_head":"<!-- This site is optimized with the Yoast SEO plugin v27.5 - https:\/\/yoast.com\/product\/yoast-seo-wordpress\/ -->\n<title>Programm 2024 - MusikTreff<\/title>\n<meta name=\"robots\" content=\"index, follow, max-snippet:-1, max-image-preview:large, max-video-preview:-1\" \/>\n<link rel=\"canonical\" href=\"https:\/\/musiktreff-festival.com\/?page_id=534\" \/>\n<meta property=\"og:locale\" content=\"de_DE\" \/>\n<meta property=\"og:type\" content=\"article\" \/>\n<meta property=\"og:title\" content=\"Programm 2024 - MusikTreff\" \/>\n<meta property=\"og:description\" content=\"17:30 Uhr &#8211; Einlass Seien Sie herzlich willkommen im L\u00f6\u00dfnitzer Muhme Campus. Unsere T\u00fcren gehen f\u00fcr Sie um 17:30 Uhr auf. 18:30 Uhr &#8211; Er\u00f6ffnung Wir begr\u00fc\u00dfen unseren B\u00fcrgermeister Herrn Alexander Troll der den MusikTreff 2023 er\u00f6ffnen wird. Wird derzeit \u00fcberarbeitet N\u00e4here Infos folgen Wird derzeit \u00fcberarbeitet N\u00e4here Infos folgen Wird derzeit \u00fcberarbeitet N\u00e4here Infos [&hellip;]\" \/>\n<meta property=\"og:url\" content=\"https:\/\/musiktreff-festival.com\/?page_id=534\" \/>\n<meta property=\"og:site_name\" content=\"MusikTreff\" \/>\n<meta property=\"article:modified_time\" content=\"2023-09-13T08:09:49+00:00\" \/>\n<meta name=\"twitter:card\" content=\"summary_large_image\" \/>\n<meta name=\"twitter:label1\" content=\"Gesch\u00e4tzte Lesezeit\" \/>\n\t<meta name=\"twitter:data1\" content=\"1\u00a0Minute\" \/>\n<script type=\"application\/ld+json\" class=\"yoast-schema-graph\">{\"@context\":\"https:\\\/\\\/schema.org\",\"@graph\":[{\"@type\":\"WebPage\",\"@id\":\"https:\\\/\\\/musiktreff-festival.com\\\/?page_id=534\",\"url\":\"https:\\\/\\\/musiktreff-festival.com\\\/?page_id=534\",\"name\":\"Programm 2024 - MusikTreff\",\"isPartOf\":{\"@id\":\"https:\\\/\\\/musiktreff-festival.com\\\/#website\"},\"datePublished\":\"2022-09-14T11:55:53+00:00\",\"dateModified\":\"2023-09-13T08:09:49+00:00\",\"breadcrumb\":{\"@id\":\"https:\\\/\\\/musiktreff-festival.com\\\/?page_id=534#breadcrumb\"},\"inLanguage\":\"de\",\"potentialAction\":[{\"@type\":\"ReadAction\",\"target\":[\"https:\\\/\\\/musiktreff-festival.com\\\/?page_id=534\"]}]},{\"@type\":\"BreadcrumbList\",\"@id\":\"https:\\\/\\\/musiktreff-festival.com\\\/?page_id=534#breadcrumb\",\"itemListElement\":[{\"@type\":\"ListItem\",\"position\":1,\"name\":\"Startseite\",\"item\":\"https:\\\/\\\/musiktreff-festival.com\\\/\"},{\"@type\":\"ListItem\",\"position\":2,\"name\":\"Programm 2024\"}]},{\"@type\":\"WebSite\",\"@id\":\"https:\\\/\\\/musiktreff-festival.com\\\/#website\",\"url\":\"https:\\\/\\\/musiktreff-festival.com\\\/\",\"name\":\"MusikTreff\",\"description\":\"Willkommen\",\"potentialAction\":[{\"@type\":\"SearchAction\",\"target\":{\"@type\":\"EntryPoint\",\"urlTemplate\":\"https:\\\/\\\/musiktreff-festival.com\\\/?s={search_term_string}\"},\"query-input\":{\"@type\":\"PropertyValueSpecification\",\"valueRequired\":true,\"valueName\":\"search_term_string\"}}],\"inLanguage\":\"de\"}]}<\/script>\n<!-- \/ Yoast SEO plugin. -->","yoast_head_json":{"title":"Programm 2024 - MusikTreff","robots":{"index":"index","follow":"follow","max-snippet":"max-snippet:-1","max-image-preview":"max-image-preview:large","max-video-preview":"max-video-preview:-1"},"canonical":"https:\/\/musiktreff-festival.com\/?page_id=534","og_locale":"de_DE","og_type":"article","og_title":"Programm 2024 - MusikTreff","og_description":"17:30 Uhr &#8211; Einlass Seien Sie herzlich willkommen im L\u00f6\u00dfnitzer Muhme Campus. Unsere T\u00fcren gehen f\u00fcr Sie um 17:30 Uhr auf. 18:30 Uhr &#8211; Er\u00f6ffnung Wir begr\u00fc\u00dfen unseren B\u00fcrgermeister Herrn Alexander Troll der den MusikTreff 2023 er\u00f6ffnen wird. Wird derzeit \u00fcberarbeitet N\u00e4here Infos folgen Wird derzeit \u00fcberarbeitet N\u00e4here Infos folgen Wird derzeit \u00fcberarbeitet N\u00e4here Infos [&hellip;]","og_url":"https:\/\/musiktreff-festival.com\/?page_id=534","og_site_name":"MusikTreff","article_modified_time":"2023-09-13T08:09:49+00:00","twitter_card":"summary_large_image","twitter_misc":{"Gesch\u00e4tzte Lesezeit":"1\u00a0Minute"},"schema":{"@context":"https:\/\/schema.org","@graph":[{"@type":"WebPage","@id":"https:\/\/musiktreff-festival.com\/?page_id=534","url":"https:\/\/musiktreff-festival.com\/?page_id=534","name":"Programm 2024 - MusikTreff","isPartOf":{"@id":"https:\/\/musiktreff-festival.com\/#website"},"datePublished":"2022-09-14T11:55:53+00:00","dateModified":"2023-09-13T08:09:49+00:00","breadcrumb":{"@id":"https:\/\/musiktreff-festival.com\/?page_id=534#breadcrumb"},"inLanguage":"de","potentialAction":[{"@type":"ReadAction","target":["https:\/\/musiktreff-festival.com\/?page_id=534"]}]},{"@type":"BreadcrumbList","@id":"https:\/\/musiktreff-festival.com\/?page_id=534#breadcrumb","itemListElement":[{"@type":"ListItem","position":1,"name":"Startseite","item":"https:\/\/musiktreff-festival.com\/"},{"@type":"ListItem","position":2,"name":"Programm 2024"}]},{"@type":"WebSite","@id":"https:\/\/musiktreff-festival.com\/#website","url":"https:\/\/musiktreff-festival.com\/","name":"MusikTreff","description":"Willkommen","potentialAction":[{"@type":"SearchAction","target":{"@type":"EntryPoint","urlTemplate":"https:\/\/musiktreff-festival.com\/?s={search_term_string}"},"query-input":{"@type":"PropertyValueSpecification","valueRequired":true,"valueName":"search_term_string"}}],"inLanguage":"de"}]}},"_links":{"self":[{"href":"https:\/\/musiktreff-festival.com\/index.php?rest_route=\/wp\/v2\/pages\/534","targetHints":{"allow":["GET"]}}],"collection":[{"href":"https:\/\/musiktreff-festival.com\/index.php?rest_route=\/wp\/v2\/pages"}],"about":[{"href":"https:\/\/musiktreff-festival.com\/index.php?rest_route=\/wp\/v2\/types\/page"}],"author":[{"embeddable":true,"href":"https:\/\/musiktreff-festival.com\/index.php?rest_route=\/wp\/v2\/users\/1"}],"replies":[{"embeddable":true,"href":"https:\/\/musiktreff-festival.com\/index.php?rest_route=%2Fwp%2Fv2%2Fcomments&post=534"}],"version-history":[{"count":79,"href":"https:\/\/musiktreff-festival.com\/index.php?rest_route=\/wp\/v2\/pages\/534\/revisions"}],"predecessor-version":[{"id":818,"href":"https:\/\/musiktreff-festival.com\/index.php?rest_route=\/wp\/v2\/pages\/534\/revisions\/818"}],"wp:attachment":[{"href":"https:\/\/musiktreff-festival.com\/index.php?rest_route=%2Fwp%2Fv2%2Fmedia&parent=534"}],"curies":[{"name":"wp","href":"https:\/\/api.w.org\/{rel}","templated":true}]}}